4. Let j = -1029 + b. What are the prime factors of j?
5, 31
Let n(t) = -t**3 - 55*t**2 + 95*t + 4205. What are the prime factors of n(-57)?
2, 661
Suppose -2*o - 5 = -o, -12139 = -x - o. What are the prime factors of x/42 - 1/7?
17
List the prime factors of 1527/(6 + 133/(-21) - 84/(-90)).
5, 509
Suppose 12 = 3*w - 3*x, -4 = -44*x + 45*x. Suppose 2*t + 4*i - 2460 = 0, w = 4*t + 2*i - 3831 - 1071. List the prime factors of t.
2, 3, 17
Suppose 46 = 116*u - 3898. List the prime factors of u.
2, 17
Suppose -42*v + 14*v + 140 = 0. Suppose -560 + 2760 = v*s. What are the prime factors of s?
2, 5, 11
Suppose -l = -2*p + 644, 0*p + 2*l - 322 = -p. Suppose 5*r - 487 = -2*g, 176*r - 177*r - 5*g = -79. Let u = p - r. List the prime factors of u.
223
Let o(d) be the second derivative of 23*d**4/12 - d**3 + 3*d**2 - 8*d - 2. Let p be 0/(-2) + (-30)/(-10). List the prime factors of o(p).
3, 5, 13
Suppose 0 = -4*p - 8, 3*p = r - 1157 - 1288. What are the prime factors of r?
3, 271
Suppose 11*y = 8*y + 15. Suppose y = -n - 21. Let m = -23 - n. What are the prime factors of m?
3
Suppose -y - 167 + 1083 = 2*o, 2748 = 3*y + 3*o. Suppose -f = -3*c + y, -3*c = 5*f - 646 - 246. What are the prime factors of c?
2, 19
Let n(p) = -12*p**3 - 775*p**2 - 48*p + 196. What are the prime factors of n(-65)?
3, 8147
Let r = -43 + 72. Let u = 29 - r. Suppose 3*z - 201 = -u*z. What are the prime factors of z?
67
Let c = -114 - -163. Let a = 8 + c. Suppose -d - 30 = -a. What are the prime factors of d?
3
Let c(a) = 20*a**2 + 27*a - 320. What are the prime factors of c(14)?
2, 3, 13, 17
Suppose -122 = -7*z - 31. Let g = z + -9. What are the prime factors of (-3 + g)/((-2)/(-70))?
5, 7
Let u(f) = -24*f**3 - 4*f**2 + 41*f - 34. What are the prime factors of u(-8)?
2, 3, 5, 389
Let v be (27/12)/(1/36). Suppose -u = -3*u + 5*y + v, 2*u - 3*y = 75. List the prime factors of 4/22 + 4944/u.
2, 3, 5
Let w(h) = -7*h**2 + 7*h + 80. Let r(n) = 3*n**2 - 3*n - 39. Let i(z) = -13*r(z) - 6*w(z). List the prime factors of i(10).
3, 11
Suppose 269675 = 411*t - 386*t. What are the prime factors of t?
7, 23, 67
Let r = 28 - 88. Let z = -47 - r. Suppose -5*u = -z*u + 72. List the prime factors of u.
3
Suppose -2*m - v + 12296 = -29744, 4 = v. What are the prime factors of m?
2, 3, 31, 113
Suppose 0*q + 3*q - 6 = 3*f, -29 = -2*q - 3*f. Suppose -5*g + 1205 = q*w - 4*w, -2*g + 1193 = 3*w. What are the prime factors of w?
5, 79
Suppose -f + 3*t + 3 - 45 = 0, 0 = -f + 2*t - 40. Suppose -23*s + 26 = -21*s. Let w = s - f. List the prime factors of w.
7
Let b = -316 - -236. Let t = b - -549. What are the prime factors of t?
7, 67
Let i = 156 - 178. What are the prime factors of (-77)/i*(-4)/7 - -231?
229
Let h be (-12)/(-9)*3 - (-17748)/36. Suppose 0 = -9*y + 8*y + h. What are the prime factors of y?
7, 71
Let c be 2/(-14) - ((-1128)/(-42) + 0). Let g = c + 498. What are the prime factors of g?
3, 157
Suppose 22 - 1 = -7*w. Let v(l) = -4*l**3 - 3*l**2 + 5*l + 3. Let o be v(w). Suppose -c - 4*y = -0*c - 36, 0 = 3*c - y - o. What are the prime factors of c?
2, 3
Let i = 5760 - 3290. Suppose 19*m - 14*m = i. List the prime factors of (-12)/15 + m/5.
2, 7
Suppose -40*b = -245586 - 21334. List the prime factors of b.
6673
Suppose -380*j + 373*j = -10906. Let p = -108 + j. List the prime factors of p.
2, 5, 29
List the prime factors of (-141390)/(-12)*36/45.
2, 3, 1571
Suppose 2*q = -3*x + 3, -4*q + 2 = x - 19. Suppose -i - 15 = -q*i. Suppose -2*w = -6*f + i*f - 159, 3*f + 321 = 4*w. List the prime factors of w.
3
Let p(n) = n**2 - 43*n + 228. Let b be p(37). List the prime factors of -3 - (-1 + b + -1599).
37, 43
Let i(u) = -2*u - 1. Let o(m) = m**2 - 29*m - 13. Let v(s) = -6*i(s) - o(s). What are the prime factors of v(18)?
433
Let c(r) = 3*r**3 - 11*r**2 - 67*r + 9. List the prime factors of c(16).
3, 2803
Let n(z) be the first derivative of 33*z**2 - 24*z - 27. What are the prime factors of n(3)?
2, 3, 29
Suppose -130*h - 191*h = 66*h - 19597293. What are the prime factors of h?
79, 641
Suppose -4*v - 17 = 5*k, -5*k = v + 5 + 3. List the prime factors of (-669 - k)*1*(-3)/6.
2, 167
Suppose 0 = -4*n + 5*l + 13957 + 18256, n - 8060 = -l. List the prime factors of n.
7, 1151
Let k = -338 + 755. Suppose -10*n - k = -11*n. What are the prime factors of n?
3, 139
Suppose 8 = 3*v - 4. Suppose -v*a = 54 - 54. Suppose -2*b + 5*x + 475 = a, -2*b + x + 210 = -261. List the prime factors of b.
5, 47
Let f be (53 - 51)*(-14)/(-1). Let z be (-2498)/(-8) - 2/8. Suppose 0 = -4*u - 4*w + z, -f - 30 = -u + 3*w. What are the prime factors of u?
73
Suppose 0 = -3*i + 2*v + 4359, -4*i - 34*v + 29*v + 5812 = 0. What are the prime factors of i?
1453
Suppose 70545 = 3*y - 148*n + 153*n, 2*n + 18 = 0. List the prime factors of y.
2, 5, 13, 181
Suppose 47*v + 232 = 49*v. Suppose 2*n - v - 40 = 3*b, -5*n = 2*b - 371. What are the prime factors of n?
3, 5
Let v(r) = -2*r**2 + 16*r - 12. Let d be v(5). Let a(i) = i**3 - 19*i**2 + 17*i - 18. Let c be a(d). Let n = 49 - c. List the prime factors of n.
5, 17
Let f(c) = c**2 - 11*c + 57. Let s be f(-27). Let y = s + -367. What are the prime factors of y?
2, 179
Suppose 204240 = 414*o - 6529741 - 7307657. List the prime factors of o.
13, 2609
Suppose 21 = 3*b + 3*r, -2*b + 2*r - 2 = -b. Suppose -b*w - 455 = -115. Let p = w - -104. What are the prime factors of p?
19
Let i = -176 - -176. Suppose i = -3*s + 3*y + 2214, 0*s + y = -s + 734. What are the prime factors of s?
2, 23
Let d(a) = 3*a**2 - 26*a - 2. Let q be d(12). Suppose -q = -5*o - 868. Let g = o - -228. List the prime factors of g.
2, 3, 13
Let h(y) = 15*y**2 - 20*y + 228. List the prime factors of h(29).
12263
List the prime factors of 5 - -24 - 20 - -50392.
13, 3877
Let c(k) = -2*k**3 - 20*k**2 + 16*k - 7. Let y be c(-20). Suppose -18*i + y = -2947. What are the prime factors of i?
2, 5, 59
Let w be 0*7/49 - 0. Suppose -8*n + 811 + 77 = w. List the prime factors of n.
3, 37
Let b(t) = -12*t + 21. Let k be b(7). Let d be (2/(-6))/((-7)/k). Let r = 54 + d. What are the prime factors of r?
3, 17
Suppose 0 = -p - k - 6 + 9, -p + 4*k - 17 = 0. What are the prime factors of (9/(-15))/(p/1275)?
3, 5, 17
Suppose -7*g + 3*n = -2*g, 2*n = -4*g. Suppose g = -7*o + 252 - 1281. Let d = o + 296. List the prime factors of d.
149
Let s(d) = 3*d**2 - 35*d - 24. Let x be s(12). Let h(r) = 2*r**2 + 22*r + 8. List the prime factors of h(x).
2
Let t be -3 + 4*(-5)/(20/(-8)). Let h(q) = 24*q + t - 60*q - 8. List the prime factors of h(-4).
3, 47
Suppose 2065 + 8063 = 4*i. Suppose 0 = -453*s + 457*s - i. List the prime factors of s.
3, 211
Suppose 4*p - m = 5, 2*p + 14*m - 10 = 16*m. What are the prime factors of p/(-1) - (-16)/((-128)/(-6456))?
3, 269
Let z be 1/((-2)/4)*(-3)/2. Suppose 3*u - 8 = -s, 5*s = 2*u + z*u + 20. Suppose -166 = j - 6*j + q, -4*j - s*q = -127. List the prime factors of j.
3, 11
Let k(c) = 12*c**2 - 24*c + 165. Let n be k(7). Let s = 1401 - n. What are the prime factors of s?
2, 3, 17
Let w(q) = -30*q**3 - 7*q**2 - 5*q - 3. Let v(a) = a**3 + 5*a**2 + 4*a - 9. Let b be v(-3). What are the prime factors of w(b)?
3, 11, 23
Let s(x) = -2 - 1 - 2*x + 3*x. Let i be s(5). Suppose l = 2*f - 82, -l = -i*f - f + 121. What are the prime factors of f?
3, 13
Suppose 3*q - 13 = -5*p, 2 = p - q + 1. Suppose 636 - 53 = p*k + g, 5*k - 4*g = 1464. List the prime factors of k.
2, 73
Let x(h) be the first derivative of 14*h**2 - 50*h - 175. List the prime factors of x(7).
2, 73
Let x = -9 + -17. Let h(g) = -2*g - 10. List the prime factors of h(x).
2, 3, 7
Let u(n) = n**3 + 5*n**2 - 9*n - 30. Let c be u(-5). What are the prime factors of c/12 - 2 - (-851)/4?
2, 53
Suppose 15*m - 36*m + 21 = 0. What are the prime factors of (-6)/m*-314*(-1)/(-6)?
2, 157
Let m(y) = 11*y**2 - 172*y + 39. List the prime factors of m(-11).
2, 7, 233
Suppose -3*k - i - 30 = 2*i, 5*k + 18 = 3*i. Let s(r) = -r**3 + 2*r**2 - 3*r - 18. What are the prime factors of s(k)?
2, 3
Let t = 71 - 69. Suppose 1064 = 2*x + t*x - 4*q, 3*q = -5*x + 1338. List the prime factors of x.
3, 89
Let k = 4269 - 3564. List the prime factors of k.
3, 5, 47
Let q(k) = k**3 - 3*k**2 - k + 3. Let t be q(1). Suppose 0 = -5*a - 3*w + 3970, t = a + 24*w - 29*w - 822. List the prime factors of a.
7